 -415?
-421
In base 6, what is -5 - -1355?
1350
In base 7, what is 3 - -2?
5
In base 6, what is 43 + 22?
105
In base 7, what is 3616 - -11?
3630
In base 13, what is a - -4?
11
In base 16, what is 1e + -d2?
-b4
In base 10, what is -18 - -7?
-11
In base 14, what is 161 - -d?
170
In base 10, what is 3 + 244?
247
In base 2, what is 10010001110111 - 0?
10010001110111
In base 3, what is -2100 + 12?
-2011
In base 3, what is -1 - -201?
200
In base 4, what is -121 - -2?
-113
In base 15, what is -6 + -3?
-9
In base 8, what is 674 - 3?
671
In base 7, what is -1003 + -4?
-1010
In base 6, what is 5 - 234?
-225
In base 15, what is 25 + -b?
19
In base 3, what is 1100 + 11?
1111
In base 2, what is -10000000 - 101?
-10000101
In base 11, what is 125 - 74?
61
In base 12, what is -111 + 1?
-110
In base 13, what is -1b - 1c9?
-217
In base 15, what is 3 + -93?
-90
In base 9, what is 5 - -78?
84
In base 3, what is -10 + 100110?
100100
In base 12, what is -166 + -4?
-16a
In base 7, what is -1 + 113?
112
In base 16, what is -4fc + -2?
-4fe
In base 11, what is 50 + 2?
52
In base 7, what is 663 - -1?
664
In base 12, what is -1 - 2549?
-254a
In base 6, what is -1020 - 5?
-1025
In base 13, what is -39 + 25?
-14
In base 15, what is -62 - a?
-6c
In base 5, what is 33 - -2311?
2344
In base 12, what is -3 + -17?
-1a
In base 16, what is -3cb + 4?
-3c7
In base 14, what is -20 + -44?
-64
In base 11, what is a43 - 12?
a31
In base 3, what is -112 + -2001120?
-2002002
In base 7, what is 2 + 52?
54
In base 6, what is -4 - -30?
22
In base 14, what is d + 191?
1a0
In base 7, what is 23 - 1160?
-1134
In base 5, what is -1134 + -143?
-1332
In base 10, what is 0 + 2918?
2918
In base 8, what is 410 + 11?
421
In base 10, what is 1 - -147?
148
In base 5, what is -1123 - 10?
-1133
In base 11, what is 1 - 71?
-70
In base 16, what is -13b0 + 4?
-13ac
In base 13, what is -6 - -3a?
34
In base 3, what is 1 + -10112?
-10111
In base 10, what is 43 - 14?
29
In base 10, what is -12 - -142?
130
In base 3, what is 12 + -220212?
-220200
In base 7, what is 345 + 5?
353
In base 14, what is 13 + 8a?
9d
In base 7, what is -246 + 6?
-240
In base 7, what is -12 + -6451?
-6463
In base 6, what is 111 + 22?
133
In base 9, what is -5 - 2762?
-2767
In base 11, what is -73 - 3?
-76
In base 14, what is 2 + -1aa0?
-1a9c
In base 12, what is -526 - 0?
-526
In base 2, what is 101011000 - -11?
101011011
In base 6, what is -4 + -115?
-123
In base 9, what is -2 - 172?
-174
In base 10, what is 1 - 193?
-192
In base 3, what is 2012 + 2112?
11201
In base 13, what is 428 + -4?
424
In base 7, what is -12 - 364?
-406
In base 15, what is -6 - -97?
91
In base 5, what is -101 + 1?
-100
In base 2, what is 1000011001011 - -100?
1000011001111
In base 9, what is 44 + -3?
41
In base 12, what is 2735 - -2?
2737
In base 14, what is 4 + 11d?
123
In base 9, what is -16 + -1?
-17
In base 14, what is -61 + 2?
-5d
In base 7, what is -1211 - -6?
-1202
In base 4, what is 212 + -11?
201
In base 2, what is 10000 - -101?
10101
In base 2, what is 1111 + 1110?
11101
In base 11, what is -3 - 40?
-43
In base 12, what is -66a + 5?
-665
In base 11, what is -13178 + 0?
-13178
In base 10, what is 2443 + -3?
2440
In base 7, what is 54 + 0?
54
In base 6, what is -4 + 13542?
13534
In base 5, what is 1 + 4?
10
In base 7, what is -53 - 5?
-61
In base 10, what is 2 + -17?
-15
In base 12, what is 3679 - -4?
3681
In base 15, what is 4 + 99?
9d
In base 10, what is -5 + 174?
169
In base 12, what is a1b7 + 3?
a1ba
In base 2, what is 111 + -11010?
-10011
In base 11, what is 336 + -5?
331
In base 9, what is -58 + 5?
-53
In base 14, what is -4a - 5?
-51
In base 7, what is 41 + -5?
33
In base 3, what is -1011101 + 0?
-1011101
In base 12, what is -4 + -9?
-11
In base 13, what is 12 + -32?
-20
In base 10, what is -866 + 3?
-863
In base 2, what is -1001100111 - -10?
-1001100101
In base 10, what is 335 - 1?
334
In base 3, what is -1 + 2011?
2010
In base 4, what is -3 - 12303?
-12312
In base 2, what is 10001010110 - -1?
10001010111
In base 16, what is -3 - 2fa?
-2fd
In base 14, what is 1147 - 1?
1146
In base 12, what is 15 - -48?
61
In base 3, what is -2022010 + 1?
-2022002
In base 3, what is 20 + 1102011?
1102101
In base 12, what is -273 + -5?
-278
In base 9, what is -540 + -3?
-543
In base 11, what is -2 - 8a?
-91
In base 5, what is 131 + 0?
131
In base 13, what is 115 + -5?
110
In base 16, what is 1 + 6a?
6b
In base 6, what is -13 - -32?
15
In base 7, what is 2 - 6?
-4
In base 12, what is -61 - 0?
-61
In base 15, what is 19 - 1?
18
In base 11, what is -5 - 8?
-12
In base 11, what is -48a - 0?
-48a
In base 9, what is -6 + -383?
-400
In base 4, what is -100003 - -12?
-33331
In base 14, what is -2c - -1b?
-11
In base 15, what is -384 - -1?
-383
In base 3, what is 12 - -120220?
121002
In base 6, what is -141 + -1?
-142
In base 2, what is 10001110011 - 0?
10001110011
In base 15, what is 910 - 0?
910
In base 4, what is 122 + 0?
122
In base 16, what is b - -32?
3d
In base 11, what is -1 - -68?
67
In base 7, what is -10 + -1240?
-1250
In base 9, what is -1835 + 0?
-1835
In base 12, what is -4 + a16?
a12
In base 11, what is -4a + 285?
236
In base 15, what is -1 + -414?
-415
In base 11, what is 0 - -18a?
18a
In base 14, what is 16 + -1d?
-7
In base 4, what is 33 - -112?
211
In base 9, what is -333 + 4?
-328
In base 3, what is 20 + 2012201?
2012221
In base 12, what is 6 + -1328?
-1322
In base 12, what is 3 + 96?
99
In base 6, what is 520 - 5?
511
In base 16, what is 62 + 14?
76
In base 14, what is -1b4 - -6?
-1ac
In base 3, what is 121022122 + 0?
121022122
In base 5, what is -11 - 134?
-200
In base 6, what is -2 - -313?
311
In base 14, what is 2 + -b98?
-b96
In base 2, what is -10110111110 + -10?
-10111000000
In base 10, what is 9 + -11?
-2
In base 14, what is 36 + 9?
41
In base 12, what is 997 - 1?
996
In base 12, what is -4 - 553?
-557
In base 4, what is 102323 + 23?
103012
In base 16, what is 5 - c?
-7
In base 8, what is 3 + -16?
-13
In base 13, what is -6 + 46?
40
In base 9, what is 5 - -675?
681
In base 11, what is 8a + 4?
93
In base 16, what is 5 - -577?
57c
In base 6, what is 5 + -4?
1
In base 2, what is -100 + -1010?
-1110
In base 9, what is 8 - -56?
65
In base 6, what is -10 + 34?
24
In base 7, what is 16 + 161?
210
In base 16, what is 1 + 877?
878
In base 15, what is 4 + e?
13
In base 6, what is -5 - -2445?
2440
In base 3, what is 12 + 2111?
2200
In base 14, what is -c1 + 3?
-bc
In base 7, what is 650 - -14?
664
In base 12, what is 4 - 33?
-2b
In base 15, what is 1 + -55?
-54
In base 5, what is 0 + -1114?
-1114
In base 9, what is 268 - -53?
332
In base 2, what is 1010 - -100001?
101011
In base 13, what is -5 + -62?
-67
In base 16, what is -7b0 + 2?
-7ae
In base 13, what is -4 + 7?
3
In base 12, what is 1 - -9a?
9b
In base 6, what is 43 + -30?
13
In base 6, what is 3 - -10244?
10251
In base 11, what is 74 + -3?
71
In base 3, what is -10112 - -10100?
-12
In base 6, what is 20 - -1003?
1023
In base 10, what is -96 - -3?
-93
In base 6, what is 0 + 111?
111
In base 2, what is -101 + -11110100001?
-11110100110
In base 13, what is -5 - 18?
-20
In base 15, what is -387d - -3?
-387a
In base 10, what is 5 + -166?
-161
In base 5, what is -11 - -3013?
3002
In base 3, what is -11 - -10210?
10122
In base 8, what is -1357 + -4?
-1363
In base 10, what is 1402 - 1?
1401
In base 9, what is 37 + -2?
35
In base 10, what is -2 + 30?
28
In base 10, what is -3 - 29?
-32
In base 7, what is 510 - -1?
511
In base 2, what is -11011010 + 1?
-11011001
In base 6, what is -542 + 0?
-542
In base 15, what is -3 - 31?
-34
In base 8, what is 13605 - 1?
13604
In base 8, what is 0 + -111?
-111
In base 16, what is -1 - -22?
21
In base 5, what is -1214 + 2?
-1212
In base 3, what is -1020022 + -20?
-1020112
In base 13, what is 992 + -4?
98b
In base 16, what is -350 - -5?
-34b
In base 6, what is -14135 - -3?
-14132
In base 6, what is 30 - 200?
-130
In base 11, what is 28 + 50?
78
In base 4, what is 0 + 20?
20
In base 16, what is 40 - -b?
4b
In base 9, what is 328 - 11?
317
In base 9, what is -42 - 65?
-117
In base 11, what is -4171 + 1?
-4170
In base 4, what is -222 + -100?
-322
In base 3, what is -1111 + 111?
-1000
In base 5, what is 1 - -304?
310
In base 11, what is -9 - 2?
-10
In base 16, what is -1df - 1?